16 is divided by 72?
0
Calculate the remainder when 2348 is divided by 29.
28
Calculate the remainder when 231 is divided by 51.
27
What is the remainder when 529 is divided by 91?
74
Calculate the remainder when 311 is divided by 39.
38
Calculate the remainder when 863 is divided by 224.
191
What is the remainder when 314 is divided by 78?
2
Calculate the remainder when 1977 is divided by 124.
117
Calculate the remainder when 2397 is divided by 45.
12
What is the remainder when 6097 is divided by 25?
22
What is the remainder when 60 is divided by 18?
6
What is the remainder when 1519 is divided by 503?
10
What is the remainder when 2514 is divided by 210?
204
What is the remainder when 230 is divided by 52?
22
What is the remainder when 995 is divided by 128?
99
What is the remainder when 52 is divided by 20?
12
Calculate the remainder when 628 is divided by 44.
12
Calculate the remainder when 974 is divided by 70.
64
Calculate the remainder when 8742 is divided by 2909.
15
What is the remainder when 791 is divided by 276?
239
What is the remainder when 45 is divided by 25?
20
Calculate the remainder when 1100 is divided by 213.
35
What is the remainder when 157 is divided by 11?
3
Calculate the remainder when 33685 is divided by 197.
195
What is the remainder when 210 is divided by 18?
12
What is the remainder when 111 is divided by 53?
5
What is the remainder when 774 is divided by 8?
6
What is the remainder when 76 is divided by 13?
11
Calculate the remainder when 1250 is divided by 161.
123
Calculate the remainder when 387 is divided by 94.
11
What is the remainder when 92 is divided by 80?
12
What is the remainder when 1845 is divided by 14?
11
What is the remainder when 163 is divided by 12?
7
What is the remainder when 632 is divided by 27?
11
What is the remainder when 2742 is divided by 340?
22
Calculate the remainder when 133 is divided by 63.
7
What is the remainder when 229 is divided by 47?
41
Calculate the remainder when 200 is divided by 24.
8
Calculate the remainder when 134 is divided by 41.
11
Calculate the remainder when 8483 is divided by 28.
27
Calculate the remainder when 999 is divided by 21.
12
What is the remainder when 202 is divided by 31?
16
What is the remainder when 88 is divided by 15?
13
Calculate the remainder when 7205 is divided by 424.
421
Calculate the remainder when 346 is divided by 87.
85
What is the remainder when 14822 is divided by 136?
134
What is the remainder when 2108 is divided by 46?
38
Calculate the remainder when 246 is divided by 62.
60
What is the remainder when 403 is divided by 203?
200
What is the remainder when 4252 is divided by 19?
15
What is the remainder when 759 is divided by 11?
0
Calculate the remainder when 29 is divided by 24.
5
What is the remainder when 261 is divided by 37?
2
What is the remainder when 731 is divided by 107?
89
What is the remainder when 695 is divided by 138?
5
Calculate the remainder when 129 is divided by 22.
19
Calculate the remainder when 24061 is divided by 18.
13
What is the remainder when 321 is divided by 54?
51
Calculate the remainder when 175 is divided by 14.
7
What is the remainder when 1408 is divided by 394?
226
Calculate the remainder when 362 is divided by 73.
70
What is the remainder when 5147 is divided by 22?
21
What is the remainder when 843 is divided by 756?
87
Calculate the remainder when 130 is divided by 5.
0
Calculate the remainder when 391 is divided by 48.
7
Calculate the remainder when 2558 is divided by 318.
14
Calculate the remainder when 824 is divided by 18.
14
Calculate the remainder when 78 is divided by 8.
6
What is the remainder when 652 is divided by 80?
12
What is the remainder when 2354 is divided by 36?
14
What is the remainder when 584 is divided by 42?
38
Calculate the remainder when 24 is divided by 7.
3
What is the remainder when 645 is divided by 38?
37
What is the remainder when 68 is divided by 54?
14
What is the remainder when 98 is divided by 71?
27
What is the remainder when 134 is divided by 37?
23
What is the remainder when 526 is divided by 194?
138
Calculate the remainder when 87 is divided by 8.
7
What is the remainder when 1637 is divided by 91?
90
What is the remainder when 58 is divided by 16?
10
What is the remainder when 127 is divided by 33?
28
Calculate the remainder when 711 is divided by 14.
11
What is the remainder when 725 is divided by 107?
83
Calculate the remainder when 61 is divided by 4.
1
Calculate the remainder when 510 is divided by 62.
14
Calculate the remainder when 95 is divided by 22.
7
What is the remainder when 74 is divided by 62?
12
What is the remainder when 31 is divided by 1?
0
Calculate the remainder when 207 is divided by 71.
65
Calculate the remainder when 83 is divided by 32.
19
Calculate the remainder when 355 is divided by 36.
31
Calculate the remainder when 258 is divided by 133.
125
Calculate the remainder when 231 is divided by 87.
57
Calculate the remainder when 505 is divided by 39.
37
What is the remainder when 144 is divided by 59?
26
What is the remainder when 231 is divided by 202?
29
Calculate the remainder when 933 is divided by 441.
51
Calculate the remainder when 4112 is divided by 21.
17
What is the remainder when 78 is divided by 62?
16
Calculate the remainder when 1325 is divided by 111.
104
What is the remainder when 911 is divided by 48?
47
What is the remainder when 17628 is divided by 82?
80
What is the remainder when 10731 is divided by 6?
3
Calculate the remainder when 75 is divided by 25.
0
Calculate the remainder when 87 is divided by 19.
11
What is the remainder when 353 is divided by 40?
33
What is the remainder when 5650 is divided by 18?
16
What is the remainder when 328 is divided by 17?
5
What is the remainder when 312 is divided by 23?
13
What is the remainder when 272 is divided by 13?
12
Calculate the remainder when 1537 is divided by 35.
32
What is the remainder when 301 is divided by 119?
63
Calculate the remainder when 1117 is divided by 59.
55
Calculate the remainder when 4784 is divided by 12.
8
Calculate the remainder when 1204 is divided by 5.
4
What is the remainder when 1153 is divided by 11?
9
Calculate the remainder when 781 is divided by 11.
0
What is the remainder when 814 is divided by 51?
49
What is the remainder when 272 is divided by 132?
8
Calculate the remainder when 803 is divided by 10.
3
What is the remainder when 563 is divided by 58?
41
Calculate the remainder when 460 is divided by 119.
103
What is the remainder when 254 is divided by 51?
50
Calculate the remainder when 272 is divided by 37.
13
Calculate the remainder when 81 is divided by 36.
9
What is the remainder when 5563 is divided by 46?
43
Calculate the remainder when 2615 is divided by 71.
59
Calculate the remainder when 14379 is divided by 15.
9
Calculate the remainder when 605 is divided by 240.
125
What is the remainder when 964 is divided by 344?
276
Calculate the remainder when 283 is divided by 15.
13
What is the remainder when 197 is divided by 103?
94
Calculate the remainder when 291 is divided by 14.
11
Calculate the remainder when 1104 is divided by 37.
31
What is the remainder when 2857 is divided by 357?
1
Calculate the remainder when 556 is divided by 9.
7
What is the remainder when 202 is divided by 8?
2
What is the remainder when 97 is divided by 5?
2
Calculate the remainder when 1951 is divided by 60.
31
Calculate the remainder when 1143 is divided by 42.
9
Calculate the remainder when 230 is divided by 10.
0
Calculate the remainder when 737 is divided by 13.
9
Calculate the remainder when 761 is divided by 22.
13
What is the remainder when 2266 is divided by 447?
31
What is the remainder when 1094 is divided by 79?
67
What is the remainder when 371 is divided by 22?
19
What is the remainder when 881 is divided by 90?
71
Calculate the remainder when 1718 is divided by 334.
48
Calculate the remainder when 8563 is divided by 5.
3
What is the remainder when 375 is divided by 111?
42
Calculate the remainder when 467 is divided by 6.
5
Calculate the remainder when 1075 is divided by 22.
19
Calculate the remainder when 279 is divided by 71.
66
What is the remainder when 96 is divided by 14?
12
What is the remainder when 135 is divided b